ivisor of 4 and t.
4
Suppose -4*j + 5*z = -23, 0*j - 14 = -2*j + 2*z. Suppose -5*y + 20 = 5*v, -22 = -4*y - 0*v - v. Calculate the greatest common divisor of y and j.
6
Let u(k) = k**2 + 7*k + 6. Let g be u(-9). What is the highest common factor of g and 96?
24
Let r = -68 - -116. Let w be (r/9)/((-2)/(-6)). What is the highest common divisor of w and 24?
8
Suppose 0 = 3*p + 2*p - 35. Let q = 5 + p. What is the greatest common factor of 108 and q?
12
Let z = 30 - -74. Calculate the greatest common divisor of z and 13.
13
Let x be (3204/42)/((-2)/(-14)). Let t = x - 213. Suppose 3*o - 111 - t = 0. What is the greatest common factor of 18 and o?
18
Let l(i) = 2*i + 8. Let a = -3 - -8. Let q = a - -2. Let y be l(q). Calculate the highest common divisor of 198 and y.
22
Let q = -23 - -59. Let o be (-16)/10*(-30)/4. Suppose 4*s - 3*s = o. Calculate the greatest common divisor of q and s.
12
Let q be (-78)/24*(11 + 1)*-1. Calculate the highest common divisor of 156 and q.
39
Let i(a) = a**2 - 5*a. Let j be i(-4). Suppose -5*m + d = -j, -3*m + 17 = -0*m + 4*d. Suppose 5*l - 6*l = -7. What is the greatest common divisor of l and m?
7
Suppose 0*j - 2*j = -18. Let u(t) = -180*t - 2. Let b be u(-1). Let m = -106 + b. What is the highest common divisor of j and m?
9
Let y(w) = w**2 - 7*w - 5. Let g be y(11). Calculate the highest common factor of g and 13.
13
Let v be 90/21 + (-6)/21. Suppose v*c + t - 110 = 0, -4*c + 86 = 4*t - 18. Let m = 42 - c. What is the highest common divisor of 35 and m?
7
Suppose -v + 0*v = -36. Let r = -13 + 23. Let t = -6 + r. What is the greatest common factor of v and t?
4
Let k = 62 + -8. Calculate the highest common factor of k and 135.
27
Suppose -v = 3*s + 2*s + 3, 5*v - s - 37 = 0. Calculate the highest common factor of 35 and v.
7
Let j = -6 + 27. Let u(o) = -o - 3. Let t be u(-6). Calculate the greatest common factor of j and t.
3
Suppose -85 - 45 = -5*i. Suppose 0*s = -2*s - 3*n + 139, 0 = 4*s - 4*n - 248. What is the greatest common divisor of i and s?
13
Let z be (-15)/6*-1*2. Let m(r) = -r**3 + 5*r**2 - r + 3. Let v be m(z). Let g = -1 - v. What is the greatest common divisor of 8 and g?
1
Let n be (-78)/(-8) - (-15)/(-20). Calculate the highest common factor of 3 and n.
3
Let o(c) be the second derivative of -5*c**3/6 + 3*c**2/2 - 3*c. Let b be o(-6). Calculate the highest common divisor of b and 3.
3
Let f = 6 - 3. Suppose -3*l = f*t, 0 = l + 2*l + 2*t - 3. Let a be 14/8*(l - -1). What is the greatest common factor of 21 and a?
7
Suppose -2*p + 5*q - 25 = 2*p, -3*q + 15 = 4*p. Let s be -99 + (p - -2) + -2. Let r = s - -179. What is the highest common factor of r and 16?
16
Let f = -2 + 58. Let l = -20 + 27. What is the highest common factor of f and l?
7
Let c be (0 + -3)/(-3) + 1. What is the greatest common factor of 14 and c?
2
Suppose 15 = -5*z, 5*t - 347 = -0*z - z. Suppose -5*l - 5*s = -t, s - 1 = 1. Calculate the greatest common factor of l and 24.
12
Let o = -14 + 19. Suppose 81 = 3*w - a, -a - 99 = -o*w + 34. Calculate the highest common factor of w and 208.
26
Let w(j) = -j**2 + 10*j - 8. Let q be w(8). What is the greatest common factor of 72 and q?
8
Let r be (-2)/14 - -253*2/14. Calculate the greatest common factor of r and 9.
9
Suppose 3*k + k + i - 325 = 0, 0 = 5*i - 25. Suppose -2*h + 56 = n, 3*h - 29 = -2*n + k. Let a = 10 - 0. What is the highest common divisor of a and n?
10
Let p = 7 + -2. Let g = 474 + -295. Suppose p*w - g = 1. What is the highest common divisor of w and 24?
12
Suppose 4*c = -4*h + 24, 2*h - c = 5 + 1. Suppose a = -3*z + 2*a + 34, 2*z + 5*a = 0. Calculate the highest common factor of h and z.
2
Let b be (3/9 + 206/(-6))*-2. Calculate the greatest common divisor of b and 34.
34
Let d = -161 + 33. Let j be 5/(-15) + d/(-6). Let b be (-33)/(-5) - (-2)/5. Calculate the highest common divisor of j and b.
7
Suppose z - 10 = -0*z. Let p = 11 - z. Let h be 2/(-5) + (-54)/(-10). What is the highest common factor of h and p?
1
Let v = -13 - -41. Calculate the greatest common factor of v and 140.
28
Let i = 10 + -5. Let w be 0/(2 - 1)*1. Suppose w = q - 0*q - 25. Calculate the highest common divisor of i and q.
5
Let d = 12 + -6. Let i be (-3)/d + 92/8. Calculate the greatest common factor of 88 and i.
11
Let n be (-10)/(0 - -5) - -11. Let c = -1 - -2. Calculate the greatest common divisor of c and n.
1
Suppose -3*o - 1 = 2. Let a = 6 + o. Suppose -2*t + 0*t - 7 = -b, -2*b + a*t = -13. What is the greatest common divisor of 45 and b?
9
Let i be (1 - 1 - 2)*-2. Suppose -5*w = -2*k + k - 86, i*k = -3*w + 70. Calculate the highest common divisor of w and 9.
9
Suppose 7*w + 54 = 621. Calculate the greatest common divisor of w and 54.
27
Let v be (-1 + 0)/((-2)/28). Let h = v - -19. Calculate the greatest common divisor of h and 3.
3
Let k be 1/((0 - 1)/(-5)). Let r(c) = 20*c**2 - c - 1. Let x be r(-1). What is the highest common factor of k and x?
5
Let n(f) = 4*f + 32. Let z be n(14). Calculate the greatest common divisor of z and 16.
8
Suppose 2*s = 4*f - 226, -5*f - 14 + 292 = -4*s. Let x be (-1 - 1)/2 + f. Suppose -3*p = -0*p - x. What is the highest common factor of p and 76?
19
Let y = 10 + -14. Let c(o) = o**3 + 4*o**2 + o + 5. Let t be c(y). Calculate the greatest common divisor of t and 4.
1
Let f(o) = -o. Let h(s) = 8*s. Let b(i) = f(i) - h(i). Let n be b(-6). Suppose 0 = -4*t + 6 + 18. What is the greatest common factor of t and n?
6
Suppose 16 = 2*c + 2*c. Calculate the highest common factor of 12 and c.
4
Let a(d) = -d**2 + 6*d - 5. Let b be a(3). What is the greatest common divisor of 12 and b?
4
Let c(u) = 37*u - 6. Let w = 8 - 1. Let j be c(w). Suppose -o + 0*o + 23 = 0. What is the greatest common divisor of j and o?
23
Let m(c) = 2*c**3 - 3. Let j be m(3). What is the highest common divisor of 34 and j?
17
Suppose 5 = -42*v + 47*v. Calculate the greatest common factor of v and 25.
1
Let f(p) = -p**3 + 6*p**2 - 5*p + 2. Let t be f(4). Calculate the greatest common divisor of t and 21.
7
Let r = 259 - 43. What is the greatest common factor of r and 36?
36
Suppose 5*j - 17 = -2. Let k(d) = -5 - 3*d + 3*d**2 - 9*d - 4*d**2 + 0*d**2. Let l be k(-8). What is the greatest common factor of j and l?
3
Let d(y) = -y**3 - 4*y**2 + 4*y + 5. Let z be d(-5). Let f = 22 - z. What is the highest common divisor of f and 108?
12
Suppose 0 = 4*f - 3*f - 209. Calculate the highest common factor of 19 and f.
19
Let p be (-1)/(2/(-6)) - 3. Suppose 2*j - 9 + 3 = p, 0 = -2*q - j + 47. Calculate the greatest common divisor of q and 55.
11
Suppose 0 = -5*j - 2*k + 463, 2*k = -4*j + 365 + 7. Suppose 2*q - 5*o = 3*q - 8, -2*q - 4*o + 22 = 0. What is the highest common divisor of q and j?
13
Let f = -16 + 24. Calculate the highest common divisor of 2 and f.
2
Let l = 3 + -4. Let r be (-150)/(-8) + l/(-4). Let v(a) = -152*a**3. Let t be v(-1). What is the greatest common factor of t and r?
19
Suppose -3*t + 5 + 7 = 0. Suppose x = 4*x - 3, 4*y - t*x = 236. Calculate the greatest common factor of y and 24.
12
Suppose 0*r + 241 = 5*i + r, 3*i = 3*r + 141. What is the greatest common factor of 32 and i?
16
Let u = 10 - 10. Suppose -2*a - 3*r = u, 8*r = -a + 3*r - 14. What is the highest common factor of 24 and a?
6
Suppose 2*y - 14 - 40 = 0. Calculate the greatest common divisor of 135 and y.
27
Suppose 22*u - 23*u = -187. What is the greatest common divisor of u and 17?
17
Suppose 25 = 5*g, -22 = -4*w - 3*g + 25. Suppose -2*b = -22 - 10. What is the greatest common factor of b and w?
8
Suppose 0 = 2*g + 104 + 18. Let b = g - -23. Let u be b/(-8) - 1/(-4). What is the highest common factor of u and 10?
5
Let h = -56 - -70. Calculate the highest common divisor of 238 and h.
14
Let a be (64/12)/((-1)/(-3)). Suppose 0*j - j = -a. Suppose -4*l + 702 = -t, -2*l - 24*t + 358 = -21*t. Calculate the highest common factor of l and j.
16
Suppose 4*u = 3*o + 529, 5*u - 384 = 2*u - 2*o. Let i = 186 - u. Calculate the greatest common divisor of i and 8.
8
Let d be (-142)/(-4) + 1/2. Let c = d + -16. Suppose 5*k = 47 - 7. What is the highest common divisor of k and c?
4
Let v be (-1)/(-2 + 13/7) - 3. What is the greatest common divisor of 4 and v?
4
Suppose 0 = -n - 4*n + 100. Suppose 4*j + 2*o - 325 = -3*o, 158 =